2b
In base 5, what is -430 + -40?
-1020
In base 10, what is -400 - 4?
-404
In base 16, what is -149 - 3?
-14c
In base 16, what is 4 + ba?
be
In base 5, what is 12 - -1134?
1201
In base 12, what is 2b8 - 4?
2b4
In base 14, what is -2 - -8b2?
8b0
In base 11, what is 1 + -10?
-a
In base 4, what is 11 + 333?
1010
In base 2, what is -1010011 + -1001?
-1011100
In base 2, what is 11101010000 + 11?
11101010011
In base 12, what is -1a804 + 3?
-1a801
In base 4, what is -30 - -222310?
222220
In base 6, what is -5 + 2?
-3
In base 12, what is -136 - -37?
-bb
In base 13, what is 3 + -44a?
-447
In base 2, what is 101 - 110010?
-101101
In base 13, what is 179 + 4?
180
In base 12, what is 25 - -2a?
53
In base 10, what is -12 + 2?
-10
In base 5, what is -23113 + 10?
-23103
In base 5, what is 1 - 20032?
-20031
In base 11, what is -4 + 311?
308
In base 15, what is c - 2?
a
In base 14, what is -1 - 28?
-29
In base 13, what is 12b + -2?
129
In base 13, what is 1 + 32c3?
32c4
In base 6, what is 0 + 10053?
10053
In base 16, what is -14 + 1?
-13
In base 12, what is 2 + -853?
-851
In base 4, what is -11302 + -323?
-12231
In base 3, what is 100222 - -10?
101002
In base 6, what is 1413 - -13?
1430
In base 5, what is 41 + -41?
0
In base 12, what is -17 + -13?
-2a
In base 12, what is 98 - -7?
a3
In base 8, what is -31 - 6?
-37
In base 13, what is -3c + 0?
-3c
In base 10, what is 2479 + -2?
2477
In base 2, what is 1000010 + -11?
111111
In base 10, what is 1948 + -2?
1946
In base 13, what is -a + -36?
-43
In base 10, what is 3 + -137?
-134
In base 2, what is -1101001 + 11111?
-1001010
In base 7, what is -1 - -1540?
1536
In base 11, what is 41 + 8?
49
In base 5, what is 2 + 1244?
1301
In base 16, what is be - 5?
b9
In base 2, what is -11 + -10001011?
-10001110
In base 10, what is 7 + -85?
-78
In base 13, what is a2 + -5?
9a
In base 10, what is -5538 + -2?
-5540
In base 5, what is 20 - -22?
42
In base 14, what is 7 + -35?
-2c
In base 5, what is 131 - -40?
221
In base 6, what is 115 + 1?
120
In base 3, what is 102100 - 10?
102020
In base 11, what is 2 + -205?
-203
In base 16, what is 48 + 5?
4d
In base 3, what is 1 + -2212?
-2211
In base 2, what is -11110110 + 100?
-11110010
In base 13, what is -10 + -3?
-13
In base 12, what is ab - -4?
b3
In base 14, what is -6a + -1?
-6b
In base 5, what is -211 + 1?
-210
In base 8, what is 274 - 0?
274
In base 4, what is 321100 + -10?
321030
In base 9, what is -172 - 41?
-223
In base 12, what is -11b + 5?
-116
In base 9, what is -1685 + 0?
-1685
In base 15, what is -1 - 10b?
-10c
In base 8, what is 16 - 4?
12
In base 3, what is 10 + 21122?
21202
In base 13, what is b + -17?
-9
In base 4, what is -2 + 133?
131
In base 5, what is -13 - 333?
-401
In base 14, what is -238 - -8?
-230
In base 15, what is b + -2a?
-1e
In base 7, what is -4 + -2153?
-2160
In base 13, what is -1b - -42?
24
In base 4, what is -3 + -301?
-310
In base 14, what is -52 - 1c?
-70
In base 4, what is -20222202 + 1?
-20222201
In base 5, what is -3 - 1000?
-1003
In base 14, what is 3a40 - -2?
3a42
In base 5, what is 220134 - -4?
220143
In base 8, what is 513 - 3?
510
In base 10, what is 7 - 10?
-3
In base 2, what is -110 - -11101?
10111
In base 7, what is 5612 + 2?
5614
In base 6, what is -5 + -143?
-152
In base 5, what is 133 - -4?
142
In base 7, what is 13562 + -4?
13555
In base 3, what is 101 + -1212212?
-1212111
In base 11, what is 253 + 7?
25a
In base 10, what is 8 + 54?
62
In base 12, what is 1157 + 3?
115a
In base 8, what is 365 + 11?
376
In base 3, what is 10 - 1202221?
-1202211
In base 6, what is 11152 + -1?
11151
In base 7, what is 10 + 562?
602
In base 13, what is -5 + -8a?
-92
In base 16, what is 5 - 199?
-194
In base 10, what is 3 + -490?
-487
In base 11, what is 1 + -6a?
-69
In base 13, what is 385 + 3?
388
In base 10, what is -1 - -10?
9
In base 14, what is 1466 - -5?
146b
In base 10, what is 61 - 4?
57
In base 7, what is 0 - 533?
-533
In base 6, what is -4 + 55051?
55043
In base 3, what is -2 - -1120020?
1120011
In base 2, what is -101011011 - 1000100?
-110011111
In base 10, what is 4 - -586?
590
In base 13, what is -3 + -52?
-55
In base 13, what is 6 + -42?
-39
In base 5, what is -1322033 - -10?
-1322023
In base 2, what is -10010101 + -110?
-10011011
In base 6, what is 235 - 0?
235
In base 11, what is 0 - -3a?
3a
In base 2, what is -1000 - 101101000?
-101110000
In base 16, what is 33 - 1?
32
In base 7, what is 165 + 10?
205
In base 9, what is -88 + -143?
-242
In base 7, what is -2 - -52?
50
In base 10, what is 1 + 18?
19
In base 6, what is -14434 - 3?
-14441
In base 3, what is -2201222 + 1?
-2201221
In base 16, what is 6 - -f2?
f8
In base 14, what is -1b + 5c?
41
In base 13, what is 6a + -2?
68
In base 16, what is 8 + 345?
34d
In base 14, what is b - -1b?
28
In base 11, what is 43 + -69?
-26
In base 11, what is 4 - 3900?
-38a7
In base 2, what is -1 + -111110001?
-111110010
In base 7, what is -30 + 0?
-30
In base 10, what is -8 + 721?
713
In base 8, what is -14 - -15?
1
In base 5, what is 420 - 0?
420
In base 12, what is -26 + -5ba?
-624
In base 8, what is -310 - 11?
-321
In base 15, what is 4 + -14aa?
-14a6
In base 8, what is -13 + -5005?
-5020
In base 14, what is -39 - -57?
1c
In base 3, what is -12 + 1120212?
1120200
In base 10, what is -2879 - 2?
-2881
In base 3, what is 12211210 - -12?
12211222
In base 4, what is -33113 + -10?
-33123
In base 3, what is 1020222 + 112?
1021111
In base 11, what is -2 + -18?
-1a
In base 3, what is -100 + 220?
120
In base 7, what is -1 + 51?
50
In base 4, what is 31 - 130?
-33
In base 16, what is -dd - -6?
-d7
In base 6, what is 50 - 143?
-53
In base 14, what is d + -21?
-12
In base 16, what is 19ed - 3?
19ea
In base 13, what is -4 + 167?
163
In base 11, what is -500 + 8?
-4a3
In base 2, what is 10 - -1000100?
1000110
In base 7, what is -3 + -144?
-150
In base 10, what is -953 - 0?
-953
In base 9, what is -36 + -3?
-40
In base 10, what is 2 + -33?
-31
In base 2, what is -11011 - 1110100111?
-1111000010
In base 16, what is -1be - -5?
-1b9
In base 15, what is -c0 - -5?
-ba
In base 9, what is -24 - 5?
-30
In base 9, what is -1637 + -3?
-1641
In base 12, what is 116 - 3?
113
In base 13, what is 5 + -ac?
-a7
In base 3, what is 20 + 10021?
10111
In base 8, what is -6 - -1077?
1071
In base 11, what is -13 + -3?
-16
In base 7, what is 115 - 0?
115
In base 7, what is 222 - 4?
215
In base 5, what is 11 + -31?
-20
In base 3, what is -12 - -222?
210
In base 4, what is -32 - -20022?
13330
In base 6, what is 533 + 4?
541
In base 7, what is -1 - -5216?
5215
In base 8, what is -35 + -2?
-37
In base 3, what is 2101100 + -1?
2101022
In base 5, what is -121443 - 2?
-122000
In base 12, what is 24b + 0?
24b
In base 15, what is -10b - 69?
-175
In base 5, what is 312 + 220?
1032
In base 2, what is 1110 - 11100000?
-11010010
In base 3, what is 112002120 - 10?
112002110
In base 5, what is -23211 + -1?
-23212
In base 5, what is -2342230 + 4?
-2342221
In base 6, what is -204 - -102?
-102
In base 15, what is 0 - 43?
-43
In base 11, what is -4 + -68?
-71
In base 6, what is 143 - 2?
141
In base 15, what is 14 - -17?
2b
In base 9, what is -76 + 6?
-70
In base 15, what is -26 + -1b?
-42
In base 16, what is -38c - 5?
-391
In base 4, what is 20 - -100023?
100103
In base 5, what is -1 - -2?
1
In base 13, what is 4b8 + 6?
4c1
In base 3, what is -222 + 0?
-222
In base 9, what is 0 + 1424?
1424
In base 9, what is -1 + -80?
-81
In base 9, what is 3 + -2307?
-2304
In base 3, what is -111 + -11?
-122
In base 7, what is -104622 - 3?
-104625
In base 6, what is -5 - -1231?
1222
In base 16, what is 16 + 7?
1d
In base 7, what is 23 + -10?
13
In base 14, what is -3 + -14?
-17
In base 13, what is 1 + 91?
92
In base 15, what is -10 - 154?
-164
In base 16, what is 6 + 4?
a
In base 11, what is -282 + 4?
-279
In base 16, what is 5 - 49?
-44
In base 14, what is 43d - 5?
438
In base 8, what is 0 - 2444?
-2444
In base 11, what is -1 + -278?
-279
In base 5, what is -4 + -34?
-43
In base 2, what is -1001111101 - 0?
-1001111101
In base 15, what is -4e + 4?
-4a
In base 8, what is 3 - 1032?
-1027
In base 12, what is -3 - 591?
-594
In base 14, what is 3 - -225?
228
In base 15, what is -10 + -2?
-12
In base 6, what is -314 - -11?
-303
In base 7, what is 503 - -1?
504
In base 15, what 